{"id":326,"date":"2025-07-08T10:30:16","date_gmt":"2025-07-08T08:30:16","guid":{"rendered":"https:\/\/www.allmogegeten.se\/?page_id=326"},"modified":"2026-01-29T11:31:10","modified_gmt":"2026-01-29T10:31:10","slug":"foreningen-allmogegeten","status":"publish","type":"page","link":"https:\/\/www.allmogegeten.se\/index.php\/foreningen-allmogegeten\/","title":{"rendered":"F\u00f6reningen Allmogegeten"},"content":{"rendered":"\n<p style=\"font-size:16px\">F\u00f6reningen Allmogegeten bildades 1992 och \u00e4r en ideel f\u00f6rening. F\u00f6reningen arbetar f\u00f6r att bevara v\u00e5ra sista rester av lokala allmogegetter och uppr\u00e4tth\u00e5ller genbanker f\u00f6r lappgetter, g\u00f6ingegetter och j\u00e4mtgetter. Sedan starten 1992 har f\u00f6reningen haft genbanksverksamhet och f\u00f6rt register \u00f6ver allmogegetterna. <\/p>\n\n\n\n<p style=\"font-size:16px\">Arbetet leds av en styrelse som best\u00e5r av 3-7 ordinarie ledam\u00f6ter och minst en suppleant. Styrelsen utses av \u00e5rsm\u00f6tet i enlighet med f\u00f6reningens stadgar.<\/p>\n\n\n\n<p style=\"font-size:16px\"><strong>F\u00f6reningens stadgar<\/strong> finner ni <a href=\"https:\/\/www.allmogegeten.se\/wp-content\/uploads\/2025\/09\/Allmogegeten_stadgar_2024.pdf\" data-type=\"link\" data-id=\"https:\/\/www.allmogegeten.se\/wp-content\/uploads\/2025\/09\/Allmogegeten_stadgar_2024.pdf\">h\u00e4r<\/a><\/p>\n\n\n\n<p style=\"font-size:16px\"><strong>Plan &amp; riktlinjer f\u00f6r F\u00f6reningen Allmogegetens verksamhet som avelsorganisation<\/strong> finner ni <a href=\"https:\/\/www.allmogegeten.se\/wp-content\/uploads\/2025\/09\/Allmogegeten_Avelsorganisation_2023.pdf\">h\u00e4r<\/a><\/p>\n\n\n\n<p style=\"font-size:16px\"><strong>Fristadsdeklarationen<\/strong> kan ni l\u00e4sa <a href=\"https:\/\/www.allmogegeten.se\/index.php\/om-fristadsdeklarationen\/\">h\u00e4r<\/a><\/p>\n\n\n\n<p style=\"font-size:16px\"><strong>FAO:s hotkategorier<\/strong> f\u00f6r husdjursgenetiska resurser anv\u00e4nds f\u00f6r att bed\u00f6ma utd\u00f6enderisken f\u00f6r lantraser baserat p\u00e5 populationsstorlek. Huvudkategorierna \u00e4r utd\u00f6d, kritisk, hotad, samt &#8221;bevarad&#8221; (maintained) f\u00f6r raser som bevaras i aktiva program. Dessa kriterier hj\u00e4lper till att styra bevarande\u00e5tg\u00e4rder f\u00f6r biologisk m\u00e5ngfald inom lantbruket.\u00a0<strong>FAO:s hotkategorier<\/strong> finner ni <a href=\"https:\/\/www.allmogegeten.se\/index.php\/faos-hotkategorier\/\" data-type=\"page\" data-id=\"861\">h\u00e4r<\/a><\/p>\n\n\n\n<p class=\"has-text-align-center\" style=\"font-size:16px\">****************<\/p>\n\n\n\n<p style=\"font-size:16px\"><strong>Styrelsen best\u00e5r av:<\/strong><\/p>\n\n\n\n<p style=\"font-size:16px\">Ordf\u00f6rande: Camilla S\u00f6derstjerna<\/p>\n\n\n\n<p style=\"font-size:16px\">Vice ordf\u00f6rande: Christina Olsson Liljer\u00e5s<\/p>\n\n\n\n<p style=\"font-size:16px\">Kass\u00f6r: Denice Persson<\/p>\n\n\n\n<p style=\"font-size:16px\">Vice kass\u00f6r &amp; medlemsansvarig: Jessica Wictorsson<\/p>\n\n\n\n<p style=\"font-size:16px\">Ledam\u00f6ter: &nbsp;Anna \u00c5kerlind, Sara Str\u00f6mgren, Linn Kangas<\/p>\n\n\n\n<p style=\"font-size:16px\">Suppleanter: Johanna Ahola Nilsson, Ulrika Vojm\u00e5<\/p>\n\n\n\n<p style=\"font-size:16px\"><\/p>\n\n\n\n<p style=\"font-size:16px\">Revisor: Jonny H\u00e4ll, Kurt M\u00e5rtensson (suppleant) <\/p>\n\n\n\n<p style=\"font-size:16px\">Valberedning: Bo Dahlgren, Tommy H\u00e5kansson<\/p>\n\n\n\n<figure class=\"wp-block-gallery has-nested-images columns-default is-cropped wp-block-gallery-1 is-layout-flex wp-block-gallery-is-layout-flex\">\n<figure class=\"wp-block-image size-large is-style-rounded\"><img loading=\"lazy\" decoding=\"async\" width=\"1024\" height=\"768\" data-id=\"332\" src=\"https:\/\/www.allmogegeten.se\/wp-content\/uploads\/2025\/06\/20250608_193420-1024x768.jpg\" alt=\"\" class=\"wp-image-332\" srcset=\"https:\/\/www.allmogegeten.se\/wp-content\/uploads\/2025\/06\/20250608_193420-1024x768.jpg 1024w, https:\/\/www.allmogegeten.se\/wp-content\/uploads\/2025\/06\/20250608_193420-300x225.jpg 300w, https:\/\/www.allmogegeten.se\/wp-content\/uploads\/2025\/06\/20250608_193420-768x576.jpg 768w, https:\/\/www.allmogegeten.se\/wp-content\/uploads\/2025\/06\/20250608_193420-1536x1152.jpg 1536w, https:\/\/www.allmogegeten.se\/wp-content\/uploads\/2025\/06\/20250608_193420-2048x1536.jpg 2048w\" sizes=\"auto, (max-width: 1024px) 100vw, 1024px\" \/><\/figure>\n<\/figure>\n\n\n\n<p class=\"has-text-align-center\" style=\"font-size:18px\"><strong>Hedersmedlemmar:<\/strong><\/p>\n\n\n\n<p class=\"has-text-align-center\" style=\"font-size:16px\">Erland Wadsten<\/p>\n\n\n\n<p class=\"has-text-align-center\" style=\"font-size:16px\">Ronny Olsson<\/p>\n\n\n\n<p class=\"has-text-align-center\" style=\"font-size:16px\">Joakim Karlsson<\/p>\n","protected":false},"excerpt":{"rendered":"<p>F\u00f6reningen Allmogegeten bildades 1992 och \u00e4r en ideel f\u00f6rening. F\u00f6reningen arbetar f\u00f6r att bevara v\u00e5ra sista rester av lokala allmogegetter och uppr\u00e4tth\u00e5ller genbanker f\u00f6r lappgetter,<\/p>\n","protected":false},"author":2,"featured_media":0,"parent":0,"menu_order":0,"comment_status":"closed","ping_status":"closed","template":"","meta":{"footnotes":""},"class_list":["post-326","page","type-page","status-publish","hentry"],"_links":{"self":[{"href":"https:\/\/www.allmogegeten.se\/index.php\/wp-json\/wp\/v2\/pages\/326","targetHints":{"allow":["GET"]}}],"collection":[{"href":"https:\/\/www.allmogegeten.se\/index.php\/wp-json\/wp\/v2\/pages"}],"about":[{"href":"https:\/\/www.allmogegeten.se\/index.php\/wp-json\/wp\/v2\/types\/page"}],"author":[{"embeddable":true,"href":"https:\/\/www.allmogegeten.se\/index.php\/wp-json\/wp\/v2\/users\/2"}],"replies":[{"embeddable":true,"href":"https:\/\/www.allmogegeten.se\/index.php\/wp-json\/wp\/v2\/comments?post=326"}],"version-history":[{"count":17,"href":"https:\/\/www.allmogegeten.se\/index.php\/wp-json\/wp\/v2\/pages\/326\/revisions"}],"predecessor-version":[{"id":865,"href":"https:\/\/www.allmogegeten.se\/index.php\/wp-json\/wp\/v2\/pages\/326\/revisions\/865"}],"wp:attachment":[{"href":"https:\/\/www.allmogegeten.se\/index.php\/wp-json\/wp\/v2\/media?parent=326"}],"curies":[{"name":"wp","href":"https:\/\/api.w.org\/{rel}","templated":true}]}}