{"id":389,"date":"2025-07-02T15:10:02","date_gmt":"2025-07-02T13:10:02","guid":{"rendered":"https:\/\/www.allmogegeten.se\/?page_id=389"},"modified":"2026-02-28T14:36:32","modified_gmt":"2026-02-28T13:36:32","slug":"harstamningsbevis","status":"publish","type":"page","link":"https:\/\/www.allmogegeten.se\/index.php\/harstamningsbevis\/","title":{"rendered":"H\u00e4rstamningsintyg"},"content":{"rendered":"\n<p style=\"font-size:16px\">Kostnaden per intyg \u00e4r 20 kr. Betala in den totala summan f\u00f6r dina best\u00e4llda intyg till PG 236347-1 eller swisha till 1230791277, ange ditt medlemsnummer\/genbanksnummer. Intygen skickas till dig inom 2 veckor efter inkommen betalning.<\/p>\n\n\n\n<p><strong>OBSERVERA<\/strong> att ni \u00e4ven m\u00e5ste ha betalt in medlemsavgiften f\u00f6r g\u00e4llande \u00e5r innan vi kan skicka h\u00e4rstamningsintygen till er.<\/p>\n\n\n\n<p style=\"font-size:16px\">Alla ni som har visningsg\u00e5rd, 4-H g\u00e5rd, djurpark eller annan anl\u00e4ggning som beh\u00f6ver f\u00e5 en faktura, skriv &#8221;Faktura&#8221; i &#8221;\u00d6vriga upplysningar&#8221; n\u00e4r ni fyller h\u00e4rstamningsintygen s\u00e5 kommer det en faktura och intygen skickas inom 2 veckor efter den \u00e4r betald.<\/p>\n\n\n\n<p style=\"font-size:16px\">Klicka p\u00e5 l\u00e4nken nedan som visar din ras s\u00e5 kommer du till formul\u00e4ret d\u00e4r du best\u00e4ller h\u00e4rstamningsintygen!<\/p>\n\n\n\n<p style=\"font-size:16px\"><a href=\"https:\/\/www.allmogegeten.se\/?page_id=396\" data-type=\"page\" data-id=\"396\">G\u00f6ingeget<\/a><\/p>\n\n\n\n<p style=\"font-size:16px\"><a href=\"https:\/\/www.allmogegeten.se\/?page_id=395\" data-type=\"page\" data-id=\"395\">J\u00e4mtget<\/a><\/p>\n\n\n\n<p style=\"font-size:16px\"><a href=\"https:\/\/www.allmogegeten.se\/index.php\/har-soker-du-harstamningsintyg-for-lappgetter\/\" data-type=\"page\" data-id=\"318\">Lappget<\/a><\/p>\n\n\n\n<figure class=\"wp-block-image size-large\"><img loading=\"lazy\" decoding=\"async\" width=\"1024\" height=\"681\" src=\"https:\/\/www.allmogegeten.se\/wp-content\/uploads\/2021\/09\/PICT2877-1024x681.jpg\" alt=\"\" class=\"wp-image-65\" srcset=\"https:\/\/www.allmogegeten.se\/wp-content\/uploads\/2021\/09\/PICT2877-1024x681.jpg 1024w, https:\/\/www.allmogegeten.se\/wp-content\/uploads\/2021\/09\/PICT2877-300x199.jpg 300w, https:\/\/www.allmogegeten.se\/wp-content\/uploads\/2021\/09\/PICT2877-768x511.jpg 768w, https:\/\/www.allmogegeten.se\/wp-content\/uploads\/2021\/09\/PICT2877.jpg 1504w\" sizes=\"auto, (max-width: 1024px) 100vw, 1024px\" \/><figcaption class=\"wp-element-caption\">Killingar p\u00e5 spr\u00e5ng <\/figcaption><\/figure>\n\n\n\n<p><\/p>\n","protected":false},"excerpt":{"rendered":"<p>Kostnaden per intyg \u00e4r 20 kr. Betala in den totala summan f\u00f6r dina best\u00e4llda intyg till PG 236347-1 eller swisha till 1230791277, ange ditt medlemsnummer\/genbanksnummer.<\/p>\n","protected":false},"author":2,"featured_media":0,"parent":0,"menu_order":0,"comment_status":"closed","ping_status":"closed","template":"","meta":{"footnotes":""},"class_list":["post-389","page","type-page","status-publish","hentry"],"_links":{"self":[{"href":"https:\/\/www.allmogegeten.se\/index.php\/wp-json\/wp\/v2\/pages\/389","targetHints":{"allow":["GET"]}}],"collection":[{"href":"https:\/\/www.allmogegeten.se\/index.php\/wp-json\/wp\/v2\/pages"}],"about":[{"href":"https:\/\/www.allmogegeten.se\/index.php\/wp-json\/wp\/v2\/types\/page"}],"author":[{"embeddable":true,"href":"https:\/\/www.allmogegeten.se\/index.php\/wp-json\/wp\/v2\/users\/2"}],"replies":[{"embeddable":true,"href":"https:\/\/www.allmogegeten.se\/index.php\/wp-json\/wp\/v2\/comments?post=389"}],"version-history":[{"count":12,"href":"https:\/\/www.allmogegeten.se\/index.php\/wp-json\/wp\/v2\/pages\/389\/revisions"}],"predecessor-version":[{"id":914,"href":"https:\/\/www.allmogegeten.se\/index.php\/wp-json\/wp\/v2\/pages\/389\/revisions\/914"}],"wp:attachment":[{"href":"https:\/\/www.allmogegeten.se\/index.php\/wp-json\/wp\/v2\/media?parent=389"}],"curies":[{"name":"wp","href":"https:\/\/api.w.org\/{rel}","templated":true}]}}