{"id":736,"date":"2026-01-17T10:40:21","date_gmt":"2026-01-17T09:40:21","guid":{"rendered":"https:\/\/www.allmogegeten.se\/?page_id=736"},"modified":"2026-04-30T08:54:53","modified_gmt":"2026-04-30T06:54:53","slug":"till-salu-goingegetter","status":"publish","type":"page","link":"https:\/\/www.allmogegeten.se\/index.php\/till-salu-goingegetter\/","title":{"rendered":"Till Salu &#8211; G\u00f6ingeget"},"content":{"rendered":"\n<p style=\"font-size:16px;font-style:italic;font-weight:400\">T\u00e4nk p\u00e5 att det kan finnas fler djur till f\u00f6rs\u00e4ljning \u00e4n de som visas p\u00e5 denna sida! V\u00e4nd dig d\u00e4rf\u00f6r alltid till <a href=\"mailto: goingeget@allmogeget.se\">genbanksansvarig<\/a> innan k\u00f6p av djur, de kan finnas p\u00e5 bla n\u00e4rmre h\u00e5ll \u00e4n vad som visas h\u00e4r, det kan finnas linjer som \u00e4r extra viktig att bevara. V\u00e4lkomna att kontakta genbanksansvarig! <\/p>\n\n\n\n<p class=\"has-text-align-center\">********************<\/p>\n\n\n\n<p class=\"has-text-align-center\" style=\"font-style:italic;font-weight:300\"><strong>Riktpriser<\/strong><\/p>\n\n\n\n<p class=\"has-text-align-center\" style=\"font-style:italic;font-weight:300\">Det \u00e4r fritt f\u00f6r varje djur\u00e4gare att sj\u00e4lv best\u00e4mma vad man vill ha betalt n\u00e4r man s\u00e4ljer sina genbanksdjur. \u00c5rsm\u00f6tet har tagit fram f\u00f6ljande rekommenderande riktpriser som en v\u00e4gledning: <\/p>\n\n\n\n<p class=\"has-text-align-center\" style=\"font-style:italic;font-weight:300\"><strong>Bockkilling: <\/strong>1 000:-  <strong>Getkilling: <\/strong>1 500:-  <strong>Vuxet avelsdjur (oavsett k\u00f6n): <\/strong>2 000:-<\/p>\n\n\n\n<p style=\"font-size:16px\">2026-01-16______________________________________________<\/p>\n\n\n\n<p style=\"font-size:16px\"><strong>G\u00f6ingebockar<\/strong><\/p>\n\n\n\n<p style=\"font-size:16px\">Axsj\u00f6ns Djingis f\u00f6dd februari 2023<br>Axsj\u00f6ns Ernst f\u00f6dd september 2025<\/p>\n\n\n\n<p style=\"font-size:16px\"><strong>Far:<\/strong> Nolhagas Barkis. <strong>Mor: <\/strong>Lillskogens Bodil. Mycket fina, sn\u00e4lla, hanterade pojkar.<\/p>\n\n\n\n<p style=\"font-size:16px\"><em>Namn: Acke Lehmann &amp; Esther van der Wie G-938, Askersund, N\u00e4rke<br>Telefon: 0703904998 \/ 0730898679<br>E-post:&nbsp;<a href=\"mailto:van_der_wie_esther@hotmail.com\">van_der_wie_esther@hotmail.com<\/a><\/em><\/p>\n\n\n\n<p style=\"font-size:16px\"><br>2026-01-16_______________________________________________<\/p>\n\n\n\n<p style=\"font-size:16px\"><strong>G\u00f6ingegetter och killingar Kyrkhultslinje<\/strong><\/p>\n\n\n\n<p style=\"font-size:16px\">Vi har tv\u00e5 killingar till salu en bock och en get f\u00f6dda 16\/4, mor Solkullas Gunl\u00f6g.<br>Samt tv\u00e5 vuxna getter, Jorun och Jofrid, efter Solkullas Gunl\u00f6g och Solkullas Embla.<br>Far till alla \u00e4r \u00c5lebys Jarl.<\/p>\n\n\n\n<p style=\"font-size:16px\"><em>Namn: Roger Johanssson G-550, L\u00e4nshult, Sm\u00e5land<br>Telefon: 0709966424<br>E-post:&nbsp;<a href=\"mailto:rogerjson@telia.com\">rogerjson@telia.com<\/a><\/em><\/p>\n\n\n\n<p style=\"font-size:16px\">2026-01-16_____________________________________________________<\/p>\n\n\n\n<p style=\"font-size:16px\"><strong>G\u00f6ingebock Kyrkhultslinje<\/strong><\/p>\n\n\n\n<p style=\"font-size:16px\">Gustafsbergs Boke G-1165-24-04<br>F\u00f6dd i augusti 2024<\/p>\n\n\n\n<p style=\"font-size:16px\"><strong>Far:<\/strong> Ekestads Brynolf<br><strong>Mor:<\/strong> Bokeslunds Hoppi<\/p>\n\n\n\n<p style=\"font-size:16px\"><em>Namn: Patrik Lundin G-1165, Harl\u00f6sa, Sk\u00e5ne<br>Telefon: 0734228579<br>E-post:&nbsp;<a href=\"mailto:rogerjson@telia.com\"><\/a><a href=\"mailto:patrik.karl.lundin@gmail.com\">patrik.karl.lundin@gmail.com<\/a><\/em><\/p>\n\n\n\n<p style=\"font-size:16px\">2026-02-07_______________________________________________________<\/p>\n\n\n\n<p style=\"font-size:16px\"><strong>G\u00f6ingebock fr\u00e5n 2025<\/strong><\/p>\n\n\n\n<p style=\"font-size:16px\">Sn\u00e4ll\/tam g\u00f6ingebock f\u00f6dd v\u00e5ren 2025 s\u00e4ljas.<\/p>\n\n\n\n<p style=\"font-size:16px\"><strong>Far: <\/strong>Tussebodas Nisse <br><strong>Mor:<\/strong> Solkullas Gunvor (K)<\/p>\n\n\n\n<p style=\"font-size:16px\"><em>Namn: Charlotte Holm-Nielsen G-967, H\u00e4ssleholm, Sk\u00e5ne<br>Telefon: 0735162780<br>E-post:&nbsp;<a href=\"mailto:rogerjson@telia.com\"><\/a><a href=\"mailto:charlotteholm_nielsen@hotmail.com\">charlotteholm_nielsen@hotmail.com<\/a><\/em><\/p>\n\n\n\n<p style=\"font-size:16px\">2026-02-09_______________________________________________________<\/p>\n\n\n\n<p style=\"font-size:16px\"><strong>3 g\u00f6ingegetter till salu!<\/strong><\/p>\n\n\n\n<p style=\"font-size:16px\">Kolvarps Valborg f\u00f6dd 2022. Brun\/svart\/vit, tjock p\u00e4ls.                                                                                                           Samt tv\u00e5 getter fr\u00e5n f\u00f6rra v\u00e5ren: Karla och Kotta                                                                                                                     S\u00e4ljes helst tillsammans.<\/p>\n\n\n\n<p style=\"font-size:16px\"><br><strong>Far<\/strong> till alla: Sunner\u00f6ns Bror <br><strong>Mor<\/strong> till alla: Solkullas Estrid <\/p>\n\n\n\n<p style=\"font-size:16px\"><em>Namn: Elias Werkelid G-1248, Rydaholm, Sm\u00e5land<br>Telefon: 0707208527<br>E-post:&nbsp;<\/em><a href=\"mailto:Werkelid@gmail.com\">Werkelid@gmail.com<\/a><\/p>\n\n\n\n<p style=\"font-size:16px\">2026-04-30________________________________________________________<\/p>\n\n\n\n<p style=\"font-size:16px\"><strong>G\u00f6ingegetter<\/strong><\/p>\n\n\n\n<p style=\"font-size:16px\">Mor och d\u00f6ttrar s\u00e4ljes:<\/p>\n\n\n\n<p style=\"font-size:16px\">Solkullas Dagrun (k), f\u00f6dd 2018<br>N\u00e4sets Tyra (k), f\u00f6dd 2020                                                                                                                                                       N\u00e4sets Tora (k) f\u00f6dd 2021<br>Far till alla \u00e4r Skogsgl\u00e4ntans Balder<\/p>\n\n\n\n<p style=\"font-size:16px\"><em>Namn: Gunilla Friberg, G-1084, \u00c5senh\u00f6ga, Sm\u00e5land<br>Telefon: 0763189608<br>E-post:\u00a0<a href=\"mailto:gunilla.naset@gmail.com\">gunilla.naset@gmail.com<\/a><\/em><\/p>\n\n\n\n<p>_____________________________________________________________<\/p>\n","protected":false},"excerpt":{"rendered":"<p>T\u00e4nk p\u00e5 att det kan finnas fler djur till f\u00f6rs\u00e4ljning \u00e4n de som visas p\u00e5 denna sida! V\u00e4nd dig d\u00e4rf\u00f6r alltid till genbanksansvarig innan k\u00f6p<\/p>\n","protected":false},"author":2,"featured_media":0,"parent":0,"menu_order":0,"comment_status":"closed","ping_status":"closed","template":"","meta":{"footnotes":""},"class_list":["post-736","page","type-page","status-publish","hentry"],"_links":{"self":[{"href":"https:\/\/www.allmogegeten.se\/index.php\/wp-json\/wp\/v2\/pages\/736","targetHints":{"allow":["GET"]}}],"collection":[{"href":"https:\/\/www.allmogegeten.se\/index.php\/wp-json\/wp\/v2\/pages"}],"about":[{"href":"https:\/\/www.allmogegeten.se\/index.php\/wp-json\/wp\/v2\/types\/page"}],"author":[{"embeddable":true,"href":"https:\/\/www.allmogegeten.se\/index.php\/wp-json\/wp\/v2\/users\/2"}],"replies":[{"embeddable":true,"href":"https:\/\/www.allmogegeten.se\/index.php\/wp-json\/wp\/v2\/comments?post=736"}],"version-history":[{"count":21,"href":"https:\/\/www.allmogegeten.se\/index.php\/wp-json\/wp\/v2\/pages\/736\/revisions"}],"predecessor-version":[{"id":952,"href":"https:\/\/www.allmogegeten.se\/index.php\/wp-json\/wp\/v2\/pages\/736\/revisions\/952"}],"wp:attachment":[{"href":"https:\/\/www.allmogegeten.se\/index.php\/wp-json\/wp\/v2\/media?parent=736"}],"curies":[{"name":"wp","href":"https:\/\/api.w.org\/{rel}","templated":true}]}}