{"id":743,"date":"2026-01-17T10:41:12","date_gmt":"2026-01-17T09:41:12","guid":{"rendered":"https:\/\/www.allmogegeten.se\/?page_id=743"},"modified":"2026-05-06T22:11:01","modified_gmt":"2026-05-06T20:11:01","slug":"till-salu-lappget","status":"publish","type":"page","link":"https:\/\/www.allmogegeten.se\/index.php\/till-salu-lappget\/","title":{"rendered":"Till Salu &#8211; Lappget"},"content":{"rendered":"\n<p style=\"font-size:16px;font-style:italic;font-weight:400\">T\u00e4nk p\u00e5 att det kan finnas fler djur till f\u00f6rs\u00e4ljning \u00e4n vad som visas p\u00e5 denna sida! V\u00e4nd dig d\u00e4rf\u00f6r alltid till <a href=\"mailto: lappget@allmogegeten.se\">genbanksansvarig<\/a> innan k\u00f6p av djur, de kan finnas p\u00e5 n\u00e4rmre h\u00e5ll \u00e4n vad som visas h\u00e4r, det kan finnas linjer som \u00e4r extra viktiga att bevara. V\u00e4lkomna att kontakta genbanksansvarig! <\/p>\n\n\n\n<p class=\"has-text-align-center\">********************<\/p>\n\n\n\n<p class=\"has-text-align-center\" style=\"font-style:italic;font-weight:300\"><strong>Riktpriser<\/strong><\/p>\n\n\n\n<p class=\"has-text-align-center\" style=\"font-style:italic;font-weight:300\">Det \u00e4r fritt f\u00f6r varje djur\u00e4gare att sj\u00e4lv best\u00e4mma vad man vill ha betalt n\u00e4r man s\u00e4ljer sina genbanksdjur. \u00c5rsm\u00f6tet har tagit fram f\u00f6ljande rekommenderande riktpriser som en v\u00e4gledning: <\/p>\n\n\n\n<p class=\"has-text-align-center\" style=\"font-style:italic;font-weight:300\"><strong>Bockkilling: <\/strong>1 000:-  <strong>Getkilling: <\/strong>1 500:-  <strong>Vuxet avelsdjur (oavsett k\u00f6n): <\/strong>2 000:-<\/p>\n\n\n\n<p style=\"font-size:16px\">2026-05-06____________________________________________<\/p>\n\n\n\n<p style=\"font-size:16px\"><strong>Bockkillingar (L\u00f6v\u00e5senlinje) till salu<\/strong><\/p>\n\n\n\n<p style=\"font-size:16px\">Laisvallbys Niia, m\u00f6rkgr\u00e5\/vit, f\u00f6dd 26-03-14<br><strong>Far:<\/strong>&nbsp;Vojm\u00e5g\u00e5rds Vuaksa<br><strong>Mor:<\/strong>&nbsp;Laisvallbys Girra-Idja<\/p>\n\n\n\n<p style=\"font-size:16px\">Laisvallbys Rimpi, gr\u00e5\/vit, f\u00f6dd 26-03-19<br><strong>Far:<\/strong>&nbsp;Vojm\u00e5g\u00e5rds Vuaksa<br><strong>Mor:<\/strong>&nbsp;Laisvallbys Girra-N\u00e4jjda<\/p>\n\n\n\n<p style=\"font-size:16px\">Laisvallbys Kitok, svart\/vit, f\u00f6dd 26-04-11<br><strong>Far:<\/strong>&nbsp;Vojm\u00e5g\u00e5rds Vuaksa<br><strong>Mor:<\/strong>&nbsp;Laisvallbys Girra-Gajjtsa<\/p>\n\n\n\n<p style=\"font-size:16px\"><em>Namn: Sara Str\u00f6mgren, G-1227, Arjeplog, Norrbotten<br>Telefon: 0730985129<br>E-post:<\/em>\u00a0<a href=\"mailto:sara@allmogegeten.se\"><em>sara@allmogegeten.se<\/em><\/a><\/p>\n\n\n\n<p style=\"font-size:16px\">2026-05-06______________________________________________<\/p>\n\n\n\n<p style=\"font-size:16px\"><strong>Lappget bockkilling<\/strong> <strong>(mixlinje) till salu<\/strong><\/p>\n\n\n\n<p style=\"font-size:16px\"><strong>Far:<\/strong>&nbsp;Dj\u00e4knebodas Allan<br><strong>Mor:<\/strong>&nbsp;Flurkmarks Geisha<\/p>\n\n\n\n<p style=\"font-size:16px\"><em>Namn: Ellen-Sofia Eriksson-Skott, G-1418, L\u00f6v\u00e5nger, V\u00e4sterbotten<br>Telefon: 0764123873<br>E-post:&nbsp;<a href=\"mailto:soffanju@gmail.com\">soffanju@gmail.com<\/a><\/em><\/p>\n\n\n\n<p>__________________________________________________<\/p>\n\n\n\n<p><\/p>\n","protected":false},"excerpt":{"rendered":"<p>T\u00e4nk p\u00e5 att det kan finnas fler djur till f\u00f6rs\u00e4ljning \u00e4n vad som visas p\u00e5 denna sida! V\u00e4nd dig d\u00e4rf\u00f6r alltid till genbanksansvarig innan k\u00f6p<\/p>\n","protected":false},"author":2,"featured_media":0,"parent":0,"menu_order":0,"comment_status":"closed","ping_status":"closed","template":"","meta":{"footnotes":""},"class_list":["post-743","page","type-page","status-publish","hentry"],"_links":{"self":[{"href":"https:\/\/www.allmogegeten.se\/index.php\/wp-json\/wp\/v2\/pages\/743","targetHints":{"allow":["GET"]}}],"collection":[{"href":"https:\/\/www.allmogegeten.se\/index.php\/wp-json\/wp\/v2\/pages"}],"about":[{"href":"https:\/\/www.allmogegeten.se\/index.php\/wp-json\/wp\/v2\/types\/page"}],"author":[{"embeddable":true,"href":"https:\/\/www.allmogegeten.se\/index.php\/wp-json\/wp\/v2\/users\/2"}],"replies":[{"embeddable":true,"href":"https:\/\/www.allmogegeten.se\/index.php\/wp-json\/wp\/v2\/comments?post=743"}],"version-history":[{"count":11,"href":"https:\/\/www.allmogegeten.se\/index.php\/wp-json\/wp\/v2\/pages\/743\/revisions"}],"predecessor-version":[{"id":959,"href":"https:\/\/www.allmogegeten.se\/index.php\/wp-json\/wp\/v2\/pages\/743\/revisions\/959"}],"wp:attachment":[{"href":"https:\/\/www.allmogegeten.se\/index.php\/wp-json\/wp\/v2\/media?parent=743"}],"curies":[{"name":"wp","href":"https:\/\/api.w.org\/{rel}","templated":true}]}}